s divided by 34.
32
What is the remainder when 8365 is divided by 270?
265
What is the remainder when 28593 is divided by 215?
213
What is the remainder when 60490 is divided by 1375?
1365
Calculate the remainder when 3605 is divided by 752.
597
What is the remainder when 764675 is divided by 33?
32
Calculate the remainder when 155180 is divided by 424.
420
What is the remainder when 334133 is divided by 88?
85
Calculate the remainder when 258 is divided by 153.
105
Calculate the remainder when 248592 is divided by 72.
48
Calculate the remainder when 117271 is divided by 382.
379
Calculate the remainder when 2315 is divided by 1901.
414
Calculate the remainder when 957 is divided by 100.
57
Calculate the remainder when 640 is divided by 93.
82
What is the remainder when 213957 is divided by 1417?
1407
What is the remainder when 102789 is divided by 141?
0
What is the remainder when 224827 is divided by 1509?
1495
Calculate the remainder when 30881 is divided by 119.
60
What is the remainder when 1519053 is divided by 1008?
1005
What is the remainder when 66848 is divided by 1634?
1488
What is the remainder when 2048095 is divided by 409617?
10
What is the remainder when 1965 is divided by 332?
305
Calculate the remainder when 1418847 is divided by 17.
10
Calculate the remainder when 669 is divided by 199.
72
Calculate the remainder when 546838 is divided by 98.
96
Calculate the remainder when 17302 is divided by 283.
39
Calculate the remainder when 1199 is divided by 85.
9
What is the remainder when 10816 is divided by 33?
25
What is the remainder when 96239 is divided by 49?
3
What is the remainder when 862 is divided by 288?
286
What is the remainder when 30325 is divided by 10083?
76
Calculate the remainder when 2048 is divided by 235.
168
Calculate the remainder when 21433 is divided by 5355.
13
What is the remainder when 557494 is divided by 278741?
12
Calculate the remainder when 1365 is divided by 671.
23
Calculate the remainder when 592 is divided by 386.
206
Calculate the remainder when 599 is divided by 203.
193
What is the remainder when 2282 is divided by 377?
20
What is the remainder when 201385 is divided by 434?
9
Calculate the remainder when 1188057 is divided by 274.
267
What is the remainder when 321496 is divided by 408?
400
Calculate the remainder when 10322 is divided by 1705.
92
Calculate the remainder when 3674 is divided by 105.
104
What is the remainder when 6223 is divided by 2056?
55
What is the remainder when 6301 is divided by 32?
29
Calculate the remainder when 15029 is divided by 683.
3
What is the remainder when 77 is divided by 7?
0
Calculate the remainder when 2685760 is divided by 201.
199
Calculate the remainder when 19598 is divided by 49.
47
What is the remainder when 96614 is divided by 171?
170
Calculate the remainder when 60740 is divided by 515.
485
Calculate the remainder when 260983 is divided by 130489.
5
What is the remainder when 71873 is divided by 198?
197
What is the remainder when 278436 is divided by 46?
44
Calculate the remainder when 4031 is divided by 166.
47
Calculate the remainder when 15013 is divided by 188.
161
Calculate the remainder when 19476 is divided by 9730.
16
Calculate the remainder when 35757 is divided by 131.
125
Calculate the remainder when 16264 is divided by 4066.
0
What is the remainder when 2235 is divided by 425?
110
Calculate the remainder when 190173 is divided by 51.
45
What is the remainder when 1455 is divided by 243?
240
Calculate the remainder when 157314 is divided by 860.
794
What is the remainder when 13250 is divided by 187?
160
Calculate the remainder when 316491 is divided by 47.
40
What is the remainder when 13917 is divided by 632?
13
What is the remainder when 218138 is divided by 17?
11
What is the remainder when 4221 is divided by 30?
21
What is the remainder when 4809 is divided by 2001?
807
What is the remainder when 3028822 is divided by 276?
274
What is the remainder when 6044836 is divided by 23?
22
What is the remainder when 19149 is divided by 46?
13
What is the remainder when 700698 is divided by 57?
54
Calculate the remainder when 74974 is divided by 71.
69
What is the remainder when 140718 is divided by 8?
6
What is the remainder when 758182 is divided by 13?
9
What is the remainder when 9254 is divided by 3079?
17
What is the remainder when 3267 is divided by 532?
75
Calculate the remainder when 23007 is divided by 4523.
392
Calculate the remainder when 7077649 is divided by 92.
89
Calculate the remainder when 30778 is divided by 137.
90
Calculate the remainder when 4497 is divided by 611.
220
Calculate the remainder when 5133 is divided by 366.
9
What is the remainder when 3176 is divided by 633?
11
Calculate the remainder when 5918 is divided by 459.
410
Calculate the remainder when 1955 is divided by 55.
30
Calculate the remainder when 86 is divided by 3.
2
Calculate the remainder when 22472 is divided by 16.
8
Calculate the remainder when 4713 is divided by 432.
393
What is the remainder when 93329 is divided by 128?
17
Calculate the remainder when 3388 is divided by 8.
4
What is the remainder when 6946 is divided by 459?
61
Calculate the remainder when 20178 is divided by 834.
162
What is the remainder when 7019 is divided by 135?
134
What is the remainder when 269680 is divided by 14?
12
What is the remainder when 3384 is divided by 63?
45
Calculate the remainder when 15429 is divided by 48.
21
What is the remainder when 3495381 is divided by 258?
255
What is the remainder when 823306 is divided by 228?
226
Calculate the remainder when 24768 is divided by 163.
155
What is the remainder when 4867 is divided by 1119?
391
What is the remainder when 3574 is divided by 396?
10
Calculate the remainder when 295508 is divided by 22.
4
What is the remainder when 68262 is divided by 1201?
1006
What is the remainder when 9423 is divided by 642?
435
Calculate the remainder when 1014168 is divided by 83.
74
Calculate the remainder when 3404 is divided by 1609.
186
What is the remainder when 61887 is divided by 12376?
7
What is the remainder when 4705 is divided by 354?
103
What is the remainder when 165276 is divided by 213?
201
What is the remainder when 43994 is divided by 579?
569
What is the remainder when 238947 is divided by 27?
24
What is the remainder when 10896 is divided by 341?
325
Calculate the remainder when 4364 is divided by 1229.
677
What is the remainder when 471 is divided by 82?
61
Calculate the remainder when 58767 is divided by 137.
131
Calculate the remainder when 442 is divided by 427.
15
What is the remainder when 246976 is divided by 71?
38
Calculate the remainder when 13656 is divided by 508.
448
Calculate the remainder when 273247 is divided by 10.
7
What is the remainder when 2471257 is divided by 46?
45
What is the remainder when 25158 is divided by 1093?
19
What is the remainder when 80397 is divided by 1165?
12
Calculate the remainder when 23 is divided by 2.
1
Calculate the remainder when 2341 is divided by 219.
151
What is the remainder when 107690 is divided by 131?
8
Calculate the remainder when 5392 is divided by 5127.
265
Calculate the remainder when 253 is divided by 10.
3
Calculate the remainder when 97359 is divided by 241.
236
What is the remainder when 47253 is divided by 153?
129
Calculate the remainder when 2055 is divided by 348.
315
Calculate the remainder when 31766 is divided by 19.
17
Calculate the remainder when 111 is divided by 46.
19
Calculate the remainder when 38618 is divided by 822.
806
Calculate the remainder when 13150 is divided by 86.
78
Calculate the remainder when 5364 is divided by 1781.
21
What is the remainder when 34647 is divided by 152?
143
Calculate the remainder when 69967 is divided by 947.
836
What is the remainder when 8402 is divided by 421?
403
Calculate the remainder when 31205 is divided by 664.
661
Calculate the remainder when 327884 is divided by 26.
24
Calculate the remainder when 4479 is divided by 4442.
37
Calculate the remainder when 8790 is divided by 725.
90
What is the remainder when 22826 is divided by 1889?
158
Calculate the remainder when 39239 is divided by 90.
89
Calculate the remainder when 1511 is divided by 645.
221
What is the remainder when 1294